ions digit of 1246617580?
6
What is the ten thousands digit of 3606391975?
9
What is the ten thousands digit of 232034373?
3
What is the millions digit of 35186521?
5
What is the ten thousands digit of 168028899?
2
What is the thousands digit of 183460423?
0
What is the hundred thousands digit of 289001228?
0
What is the hundred millions digit of 3517630073?
5
What is the hundred thousands digit of 1549008818?
0
What is the ten millions digit of 65172168?
6
What is the units digit of 3200398957?
7
What is the hundred thousands digit of 320940486?
9
What is the ten millions digit of 7902455035?
0
What is the ten thousands digit of 1708190515?
9
What is the tens digit of 10408627?
2
What is the hundreds digit of 35351611?
6
What is the hundreds digit of 10699108?
1
What is the units digit of 148596330?
0
What is the ten millions digit of 37109534?
3
What is the units digit of 579300930?
0
What is the ten thousands digit of 1313135107?
3
What is the thousands digit of 595666599?
6
What is the ten thousands digit of 142315956?
1
What is the hundred thousands digit of 458286592?
2
What is the millions digit of 8273971?
8
What is the ten thousands digit of 76771651?
7
What is the hundred thousands digit of 15559307?
5
What is the units digit of 679175166?
6
What is the millions digit of 149803246?
9
What is the hundred thousands digit of 2663780264?
7
What is the millions digit of 516225105?
6
What is the hundreds digit of 67304217?
2
What is the hundreds digit of 3304527?
5
What is the millions digit of 452581332?
2
What is the thousands digit of 7183648?
3
What is the millions digit of 39849073?
9
What is the hundred millions digit of 1139318649?
1
What is the hundred thousands digit of 204488978?
4
What is the millions digit of 292045869?
2
What is the hundred thousands digit of 83396955?
3
What is the thousands digit of 48636144?
6
What is the hundred millions digit of 152955694?
1
What is the units digit of 4747287?
7
What is the thousands digit of 20617573?
7
What is the units digit of 125488251?
1
What is the thousands digit of 244585334?
5
What is the ten thousands digit of 1946284604?
8
What is the hundred thousands digit of 36047292?
0
What is the units digit of 3211088?
8
What is the tens digit of 1170979?
7
What is the ten thousands digit of 2792990556?
9
What is the tens digit of 1729889291?
9
What is the hundred millions digit of 1560744826?
5
What is the tens digit of 35833537?
3
What is the tens digit of 12899393?
9
What is the hundreds digit of 63951693?
6
What is the millions digit of 107698368?
7
What is the ten millions digit of 286163288?
8
What is the ten millions digit of 1519976879?
1
What is the ten millions digit of 31712126?
3
What is the hundreds digit of 5160567423?
4
What is the ten thousands digit of 2161838552?
3
What is the hundreds digit of 67404166?
1
What is the millions digit of 55774970?
5
What is the thousands digit of 43218638?
8
What is the units digit of 355758354?
4
What is the tens digit of 1234342238?
3
What is the ten thousands digit of 1541370620?
7
What is the tens digit of 33104075?
7
What is the hundreds digit of 63313672?
6
What is the ten thousands digit of 2516527819?
2
What is the thousands digit of 494160363?
0
What is the thousands digit of 615510008?
0
What is the millions digit of 44344143?
4
What is the hundred millions digit of 188578226?
1
What is the hundred thousands digit of 410467113?
4
What is the tens digit of 369717026?
2
What is the tens digit of 238729293?
9
What is the millions digit of 19210139?
9
What is the thousands digit of 416218017?
8
What is the units digit of 2367947240?
0
What is the tens digit of 41246353?
5
What is the hundreds digit of 626745856?
8
What is the hundred millions digit of 714455665?
7
What is the ten thousands digit of 13272131?
7
What is the ten thousands digit of 1130999492?
9
What is the ten thousands digit of 2998397807?
9
What is the hundred thousands digit of 376546407?
5
What is the hundred millions digit of 179370033?
1
What is the hundreds digit of 910787166?
1
What is the tens digit of 462352982?
8
What is the ten millions digit of 334232147?
3
What is the thousands digit of 142040772?
0
What is the ten millions digit of 69267565?
6
What is the tens digit of 245168482?
8
What is the millions digit of 60820490?
0
What is the hundreds digit of 41090405?
4
What is the ten millions digit of 119667376?
1
What is the units digit of 68131798?
8
What is the hundred thousands digit of 617344285?
3
What is the hundred thousands digit of 341104194?
1
What is the tens digit of 65537851?
5
What is the ten thousands digit of 1228682116?
8
What is the ten millions digit of 223851731?
2
What is the ten millions digit of 77639990?
7
What is the billions digit of 1557396878?
1
What is the ten millions digit of 697252655?
9
What is the millions digit of 34961604?
4
What is the ten thousands digit of 137431043?
3
What is the units digit of 40182839?
9
What is the units digit of 20964086?
6
What is the ten millions digit of 144308943?
4
What is the hundred thousands digit of 535600118?
6
What is the ten thousands digit of 411902814?
0
What is the ten thousands digit of 48855390?
5
What is the ten millions digit of 76927607?
7
What is the hundreds digit of 19108634?
6
What is the hundreds digit of 391915816?
8
What is the ten millions digit of 88358726?
8
What is the millions digit of 28033467?
8
What is the hundred thousands digit of 753280748?
2
What is the hundred thousands digit of 13016431?
0
What is the thousands digit of 235340130?
0
What is the tens digit of 727445314?
1
What is the units digit of 2560189783?
3
What is the ten millions digit of 56401823?
5
What is the hundred millions digit of 142976209?
1
What is the units digit of 488121227?
7
What is the hundred thousands digit of 1369445396?
4
What is the hundreds digit of 944520956?
9
What is the ten millions digit of 37099138?
3
What is the hundreds digit of 207103573?
5
What is the hundred thousands digit of 125177753?
1
What is the hundred thousands digit of 89970135?
9
What is the tens digit of 1431678445?
4
What is the ten thousands digit of 129928471?
2
What is the units digit of 2797919005?
5
What is the ten millions digit of 3085376684?
8
What is the millions digit of 47171840?
7
What is the ten millions digit of 3227835305?
2
What is the ten millions digit of 1441711753?
4
What is the units digit of 82268935?
5
What is the millions digit of 230462386?
0
What is the ten millions digit of 633952839?
3
What is the ten millions digit of 88002922?
8
What is the millions digit of 4166095682?
6
What is the units digit of 20704458?
8
What is the ten millions digit of 25122068?
2
What is the hundreds digit of 155367675?
6
What is the hundreds digit of 325614730?
7
What is the thousands digit of 179700638?
0
What is the tens digit of 28938809?
0
What is the hundred millions digit of 809795759?
8
What is the tens digit of 303152425?
2
What is the millions digit of 19697992?
9
What is the hundred thousands digit of 25677557?
6
What is the ten thousands digit of 44118127?
1
What is the hundred millions digit of 2834457210?
8
What is the ten thousands digit of 157751044?
5
What is the hundred thousands digit of 31240732?
2
What is the hundred thousands digit of 2032729619?
7
What is the ten thousands digit of 189372038?
7
What is the hundreds digit of 434469362?
3
What is the tens digit of 995025475?
7
What is the ten thousands digit of 48778962?
7
What is the units digit of 1563997?
7
What is the hundreds digit of 1581886267?
2
What is the units digit of 71325892?
2
What is the hundreds digit of 3698628905?
9
What is the hundreds digit of 20482927?
9
What is the hundreds digit of 51479780?
7
What is the units digit of 4860817126?
6
What is the hundred thousands digit of 487676373?
6
What is the billions digit of 1143314263?
1
What is the units digit of 7619718?
8
What is the ten thousands digit of 3333057?
3
What is the millions digit of 11343851?
1
What is the ten thousands digit of 3306407619?
0
What is the hundred millions digit of 502931940?
5
What is the ten millions digit of 172663884?
7
What is the tens digit of 657752796?
9
What is the tens digit of 93435525?
2
What is the hundred thousands di